{"id":7083,"date":"2017-08-24T08:30:36","date_gmt":"2017-08-24T08:30:36","guid":{"rendered":"http:\/\/wordpress.templatemela.com\/woo\/WCM02\/WCM020047\/WP1\/?page_id=7083"},"modified":"2020-06-19T11:59:04","modified_gmt":"2020-06-19T16:59:04","slug":"categorias","status":"publish","type":"page","link":"https:\/\/acsasoluciones.com\/tienda\/categorias\/","title":{"rendered":"Categor\u00edas"},"content":{"rendered":"<p>[vc_row][vc_column]<div class=\"woocommerce columns-4\"><ul class=\"products content-wrap product-archive grid-cols grid-ss-col-2 grid-sm-col-3 grid-lg-col-4 woo-archive-action-on-hover woo-archive-btn-button align-buttons-bottom  woo-archive-image-hover-fade\"><li class=\"product-category product first entry content-bg loop-entry\">\n\t<a aria-label=\"Visitar la categor\u00eda de producto SYSCOM\" href=\"https:\/\/acsasoluciones.com\/tienda\/product-category\/syscom\/\"><img loading=\"lazy\" decoding=\"async\" src=\"https:\/\/acsasoluciones.com\/tienda\/wp-content\/uploads\/woocommerce-placeholder-300x300.png\" alt=\"SYSCOM\" width=\"300\" height=\"300\" \/><div class=\"product-details content-bg entry-content-wrap\">\t\t<h2 class=\"woocommerce-loop-category__title\">\n\t\t\tSYSCOM <mark class=\"count\">(2)<\/mark>\t\t<\/h2>\n\t\t<\/div><\/a><\/li>\n<li class=\"product-category product entry content-bg loop-entry\">\n\t<a aria-label=\"Visitar la categor\u00eda de producto FAAC\" href=\"https:\/\/acsasoluciones.com\/tienda\/product-category\/faac\/\"><img loading=\"lazy\" decoding=\"async\" src=\"https:\/\/acsasoluciones.com\/tienda\/wp-content\/uploads\/2020\/06\/faac-300x300.jpg\" alt=\"FAAC\" width=\"300\" height=\"300\" srcset=\"https:\/\/acsasoluciones.com\/tienda\/wp-content\/uploads\/2020\/06\/faac-300x300.jpg 300w, https:\/\/acsasoluciones.com\/tienda\/wp-content\/uploads\/2020\/06\/faac-150x150.jpg 150w, https:\/\/acsasoluciones.com\/tienda\/wp-content\/uploads\/2020\/06\/faac-145x145.jpg 145w, https:\/\/acsasoluciones.com\/tienda\/wp-content\/uploads\/2020\/06\/faac-50x50.jpg 50w, https:\/\/acsasoluciones.com\/tienda\/wp-content\/uploads\/2020\/06\/faac-100x100.jpg 100w, https:\/\/acsasoluciones.com\/tienda\/wp-content\/uploads\/2020\/06\/faac.jpg 400w\" sizes=\"auto, (max-width: 300px) 100vw, 300px\" \/><div class=\"product-details content-bg entry-content-wrap\">\t\t<h2 class=\"woocommerce-loop-category__title\">\n\t\t\tFAAC <mark class=\"count\">(9)<\/mark>\t\t<\/h2>\n\t\t<\/div><\/a><\/li>\n<li class=\"product-category product entry content-bg loop-entry\">\n\t<a aria-label=\"Visitar la categor\u00eda de producto MERIK\" href=\"https:\/\/acsasoluciones.com\/tienda\/product-category\/merik\/\"><img loading=\"lazy\" decoding=\"async\" src=\"https:\/\/acsasoluciones.com\/tienda\/wp-content\/uploads\/2020\/06\/merik-300x300.jpg\" alt=\"MERIK\" width=\"300\" height=\"300\" srcset=\"https:\/\/acsasoluciones.com\/tienda\/wp-content\/uploads\/2020\/06\/merik-300x300.jpg 300w, https:\/\/acsasoluciones.com\/tienda\/wp-content\/uploads\/2020\/06\/merik-150x150.jpg 150w, https:\/\/acsasoluciones.com\/tienda\/wp-content\/uploads\/2020\/06\/merik-145x145.jpg 145w, https:\/\/acsasoluciones.com\/tienda\/wp-content\/uploads\/2020\/06\/merik-50x50.jpg 50w, https:\/\/acsasoluciones.com\/tienda\/wp-content\/uploads\/2020\/06\/merik-100x100.jpg 100w, https:\/\/acsasoluciones.com\/tienda\/wp-content\/uploads\/2020\/06\/merik.jpg 400w\" sizes=\"auto, (max-width: 300px) 100vw, 300px\" \/><div class=\"product-details content-bg entry-content-wrap\">\t\t<h2 class=\"woocommerce-loop-category__title\">\n\t\t\tMERIK <mark class=\"count\">(26)<\/mark>\t\t<\/h2>\n\t\t<\/div><\/a><\/li>\n<\/ul>\n<\/div>[\/vc_column][\/vc_row]<\/p>\n","protected":false},"excerpt":{"rendered":"<p>[vc_row][vc_column][\/vc_column][\/vc_row]<\/p>\n","protected":false},"author":1,"featured_media":0,"parent":0,"menu_order":0,"comment_status":"closed","ping_status":"closed","template":"","meta":{"_bst_post_transparent":"","_bst_post_title":"","_bst_post_layout":"","_bst_post_sidebar_id":"","_bst_post_content_style":"","_bst_post_vertical_padding":"","_bst_post_feature":"","_bst_post_feature_position":"","_bst_post_header":false,"_bst_post_footer":false,"footnotes":""},"class_list":["post-7083","page","type-page","status-publish","hentry"],"yoast_head":"<!-- This site is optimized with the Yoast SEO plugin v25.7 - https:\/\/yoast.com\/wordpress\/plugins\/seo\/ -->\n<title>Categor\u00edas - ACSA - Automatizaci\u00f3n, Control y Soluciones en Accesos<\/title>\n<meta name=\"description\" content=\"Puertas Autom\u00e1ticas\" \/>\n<meta name=\"robots\" content=\"index, follow, max-snippet:-1, max-image-preview:large, max-video-preview:-1\" \/>\n<link rel=\"canonical\" href=\"https:\/\/acsasoluciones.com\/tienda\/categorias\/\" \/>\n<meta property=\"og:locale\" content=\"es_ES\" \/>\n<meta property=\"og:type\" content=\"article\" \/>\n<meta property=\"og:title\" content=\"Categor\u00edas - ACSA - Automatizaci\u00f3n, Control y Soluciones en Accesos\" \/>\n<meta property=\"og:description\" content=\"Puertas Autom\u00e1ticas\" \/>\n<meta property=\"og:url\" content=\"https:\/\/acsasoluciones.com\/tienda\/categorias\/\" \/>\n<meta property=\"og:site_name\" content=\"ACSA - Automatizaci\u00f3n, Control y Soluciones en Accesos\" \/>\n<meta property=\"article:publisher\" content=\"https:\/\/www.facebook.com\/ACSA-367766733249110\" \/>\n<meta property=\"article:modified_time\" content=\"2020-06-19T16:59:04+00:00\" \/>\n<meta name=\"twitter:card\" content=\"summary_large_image\" \/>\n<script type=\"application\/ld+json\" class=\"yoast-schema-graph\">{\"@context\":\"https:\/\/schema.org\",\"@graph\":[{\"@type\":\"WebPage\",\"@id\":\"https:\/\/acsasoluciones.com\/tienda\/categorias\/\",\"url\":\"https:\/\/acsasoluciones.com\/tienda\/categorias\/\",\"name\":\"Categor\u00edas - ACSA - Automatizaci\u00f3n, Control y Soluciones en Accesos\",\"isPartOf\":{\"@id\":\"https:\/\/acsasoluciones.com\/tienda\/#website\"},\"datePublished\":\"2017-08-24T08:30:36+00:00\",\"dateModified\":\"2020-06-19T16:59:04+00:00\",\"description\":\"Puertas Autom\u00e1ticas\",\"breadcrumb\":{\"@id\":\"https:\/\/acsasoluciones.com\/tienda\/categorias\/#breadcrumb\"},\"inLanguage\":\"es\",\"potentialAction\":[{\"@type\":\"ReadAction\",\"target\":[\"https:\/\/acsasoluciones.com\/tienda\/categorias\/\"]}]},{\"@type\":\"BreadcrumbList\",\"@id\":\"https:\/\/acsasoluciones.com\/tienda\/categorias\/#breadcrumb\",\"itemListElement\":[{\"@type\":\"ListItem\",\"position\":1,\"name\":\"Home\",\"item\":\"https:\/\/acsasoluciones.com\/tienda\/\"},{\"@type\":\"ListItem\",\"position\":2,\"name\":\"Categor\u00edas\"}]},{\"@type\":\"WebSite\",\"@id\":\"https:\/\/acsasoluciones.com\/tienda\/#website\",\"url\":\"https:\/\/acsasoluciones.com\/tienda\/\",\"name\":\"ACSA - Automatizaci\u00f3n, Control y Soluciones en Accesos\",\"description\":\"Soluciones en Acceso\",\"publisher\":{\"@id\":\"https:\/\/acsasoluciones.com\/tienda\/#organization\"},\"potentialAction\":[{\"@type\":\"SearchAction\",\"target\":{\"@type\":\"EntryPoint\",\"urlTemplate\":\"https:\/\/acsasoluciones.com\/tienda\/?s={search_term_string}\"},\"query-input\":{\"@type\":\"PropertyValueSpecification\",\"valueRequired\":true,\"valueName\":\"search_term_string\"}}],\"inLanguage\":\"es\"},{\"@type\":\"Organization\",\"@id\":\"https:\/\/acsasoluciones.com\/tienda\/#organization\",\"name\":\"ACSA Integraciones S.A. de C.V.\",\"url\":\"https:\/\/acsasoluciones.com\/tienda\/\",\"logo\":{\"@type\":\"ImageObject\",\"inLanguage\":\"es\",\"@id\":\"https:\/\/acsasoluciones.com\/tienda\/#\/schema\/logo\/image\/\",\"url\":\"https:\/\/acsasoluciones.com\/tienda\/wp-content\/uploads\/2020\/07\/acsa01.png\",\"contentUrl\":\"https:\/\/acsasoluciones.com\/tienda\/wp-content\/uploads\/2020\/07\/acsa01.png\",\"width\":600,\"height\":600,\"caption\":\"ACSA Integraciones S.A. de C.V.\"},\"image\":{\"@id\":\"https:\/\/acsasoluciones.com\/tienda\/#\/schema\/logo\/image\/\"},\"sameAs\":[\"https:\/\/www.facebook.com\/ACSA-367766733249110\",\"https:\/\/www.instagram.com\/acsa_soluciones\/\",\"https:\/\/www.linkedin.com\/in\/acsa-integraciones-sa-de-cv-8b42621b1\/\"]}]}<\/script>\n<!-- \/ Yoast SEO plugin. -->","yoast_head_json":{"title":"Categor\u00edas - ACSA - Automatizaci\u00f3n, Control y Soluciones en Accesos","description":"Puertas Autom\u00e1ticas","robots":{"index":"index","follow":"follow","max-snippet":"max-snippet:-1","max-image-preview":"max-image-preview:large","max-video-preview":"max-video-preview:-1"},"canonical":"https:\/\/acsasoluciones.com\/tienda\/categorias\/","og_locale":"es_ES","og_type":"article","og_title":"Categor\u00edas - ACSA - Automatizaci\u00f3n, Control y Soluciones en Accesos","og_description":"Puertas Autom\u00e1ticas","og_url":"https:\/\/acsasoluciones.com\/tienda\/categorias\/","og_site_name":"ACSA - Automatizaci\u00f3n, Control y Soluciones en Accesos","article_publisher":"https:\/\/www.facebook.com\/ACSA-367766733249110","article_modified_time":"2020-06-19T16:59:04+00:00","twitter_card":"summary_large_image","schema":{"@context":"https:\/\/schema.org","@graph":[{"@type":"WebPage","@id":"https:\/\/acsasoluciones.com\/tienda\/categorias\/","url":"https:\/\/acsasoluciones.com\/tienda\/categorias\/","name":"Categor\u00edas - ACSA - Automatizaci\u00f3n, Control y Soluciones en Accesos","isPartOf":{"@id":"https:\/\/acsasoluciones.com\/tienda\/#website"},"datePublished":"2017-08-24T08:30:36+00:00","dateModified":"2020-06-19T16:59:04+00:00","description":"Puertas Autom\u00e1ticas","breadcrumb":{"@id":"https:\/\/acsasoluciones.com\/tienda\/categorias\/#breadcrumb"},"inLanguage":"es","potentialAction":[{"@type":"ReadAction","target":["https:\/\/acsasoluciones.com\/tienda\/categorias\/"]}]},{"@type":"BreadcrumbList","@id":"https:\/\/acsasoluciones.com\/tienda\/categorias\/#breadcrumb","itemListElement":[{"@type":"ListItem","position":1,"name":"Home","item":"https:\/\/acsasoluciones.com\/tienda\/"},{"@type":"ListItem","position":2,"name":"Categor\u00edas"}]},{"@type":"WebSite","@id":"https:\/\/acsasoluciones.com\/tienda\/#website","url":"https:\/\/acsasoluciones.com\/tienda\/","name":"ACSA - Automatizaci\u00f3n, Control y Soluciones en Accesos","description":"Soluciones en Acceso","publisher":{"@id":"https:\/\/acsasoluciones.com\/tienda\/#organization"},"potentialAction":[{"@type":"SearchAction","target":{"@type":"EntryPoint","urlTemplate":"https:\/\/acsasoluciones.com\/tienda\/?s={search_term_string}"},"query-input":{"@type":"PropertyValueSpecification","valueRequired":true,"valueName":"search_term_string"}}],"inLanguage":"es"},{"@type":"Organization","@id":"https:\/\/acsasoluciones.com\/tienda\/#organization","name":"ACSA Integraciones S.A. de C.V.","url":"https:\/\/acsasoluciones.com\/tienda\/","logo":{"@type":"ImageObject","inLanguage":"es","@id":"https:\/\/acsasoluciones.com\/tienda\/#\/schema\/logo\/image\/","url":"https:\/\/acsasoluciones.com\/tienda\/wp-content\/uploads\/2020\/07\/acsa01.png","contentUrl":"https:\/\/acsasoluciones.com\/tienda\/wp-content\/uploads\/2020\/07\/acsa01.png","width":600,"height":600,"caption":"ACSA Integraciones S.A. de C.V."},"image":{"@id":"https:\/\/acsasoluciones.com\/tienda\/#\/schema\/logo\/image\/"},"sameAs":["https:\/\/www.facebook.com\/ACSA-367766733249110","https:\/\/www.instagram.com\/acsa_soluciones\/","https:\/\/www.linkedin.com\/in\/acsa-integraciones-sa-de-cv-8b42621b1\/"]}]}},"_links":{"self":[{"href":"https:\/\/acsasoluciones.com\/tienda\/wp-json\/wp\/v2\/pages\/7083","targetHints":{"allow":["GET"]}}],"collection":[{"href":"https:\/\/acsasoluciones.com\/tienda\/wp-json\/wp\/v2\/pages"}],"about":[{"href":"https:\/\/acsasoluciones.com\/tienda\/wp-json\/wp\/v2\/types\/page"}],"author":[{"embeddable":true,"href":"https:\/\/acsasoluciones.com\/tienda\/wp-json\/wp\/v2\/users\/1"}],"replies":[{"embeddable":true,"href":"https:\/\/acsasoluciones.com\/tienda\/wp-json\/wp\/v2\/comments?post=7083"}],"version-history":[{"count":1,"href":"https:\/\/acsasoluciones.com\/tienda\/wp-json\/wp\/v2\/pages\/7083\/revisions"}],"predecessor-version":[{"id":9928,"href":"https:\/\/acsasoluciones.com\/tienda\/wp-json\/wp\/v2\/pages\/7083\/revisions\/9928"}],"wp:attachment":[{"href":"https:\/\/acsasoluciones.com\/tienda\/wp-json\/wp\/v2\/media?parent=7083"}],"curies":[{"name":"wp","href":"https:\/\/api.w.org\/{rel}","templated":true}]}}